. What are the prime factors of w(i)?
3, 17
Suppose 5*u = -25, -1302 - 920 = -4*y - 2*u. List the prime factors of y.
2, 3, 31
Let g(x) = -11*x - 1. Let m be 1/(-3) - 32/(-6). Let f(s) = -6*s - 1. Let t(b) = m*f(b) - 3*g(b). List the prime factors of t(13).
37
Suppose 0 = g + 3, -11 = 2*r - r + 5*g. Suppose w - 4 = -3*l, r*l = w - 0*l - 11. Suppose -67 = -6*z - w. What are the prime factors of z?
2, 5
List the prime factors of 25466/28 + -4 + (-9)/(-6).
907
Let u(n) = -8*n + 4*n + 1 - 6. Let j be u(4). List the prime factors of (48/(-28))/(2/j).
2, 3
Let o(u) = -u**2 - 3*u - 1. Suppose -2*z - 18 = -4*k, -k + 0 = -3. Let a be o(z). What are the prime factors of (-24)/(a + -2 + 2)?
2, 3
Suppose -5*v = -2*v + 3*j - 2838, 0 = -3*v - 5*j + 2834. List the prime factors of v.
2, 3, 79
Suppose 0 = 5*b - 4*v - 4208, -v - 1978 - 1384 = -4*b. What are the prime factors of b?
2, 3, 5, 7
Suppose 0 = g - 6 + 1. Suppose 3*u - 13 - 29 = g*p, p - 6 = -u. Suppose 0 = u*c - 11*c + 122. What are the prime factors of c?
61
Let b(a) be the second derivative of -a - 2/3*a**3 - 5/2*a**2 + 0. List the prime factors of b(-4).
11
Let m = -41 + 40. What are the prime factors of -7 + 107 - m/(1/(-2))?
2, 7
Suppose 3*h = 4*a - 3 - 3, -4*h - 1 = -3*a. Suppose 55 = 5*t + 5*r, 0 = 5*t - 4*r + 34 - 116. Suppose -v = -h*v + t. List the prime factors of v.
2, 7
What are the prime factors of (-4)/32*-25590 + 12/48?
7, 457
Suppose 0 = 2*s - 4*c + 6*c - 34, 5*c = -s + 29. List the prime factors of s.
2, 7
Suppose -36*a + 25739 = -29989. What are the prime factors of a?
2, 3, 43
What are the prime factors of 88/((-144)/(-66) - 2)?
2, 11
Let j = 219 - -3405. List the prime factors of j.
2, 3, 151
Let p = 33 + -32. What are the prime factors of ((-200)/(-5))/(p/1)?
2, 5
Suppose 16*z = 55063 - 17943. List the prime factors of z.
2, 5, 29
Let y(x) = -x**3 + 4*x**2 - 4*x + 2. Let a be y(4). List the prime factors of (-1 - 8/a) + 646/119.
5
Suppose -16*f = -7*f - 2367. List the prime factors of f.
263
List the prime factors of (-2)/(-10) - (8 + 32712/(-40)).
2, 3, 5
Let l = -98 - -300. List the prime factors of l.
2, 101
Let q be 2 + 769/6 + (-1)/6. Suppose -i + q = 2*i + u, 4*i = -4*u + 176. List the prime factors of i.
43
Suppose -5*u = -11*u + 2340. What are the prime factors of u?
2, 3, 5, 13
Let r(q) be the first derivative of -q**4/4 + 11*q**3/3 + 4*q**2 + q - 7. List the prime factors of r(11).
89
Suppose 2*c = -3*n + 2*n + 10, 0 = -5*c - 5. Let l = -7 + n. Suppose -5*d = -5*k - 55, -d + 18 + 23 = l*k. What are the prime factors of d?
2
What are the prime factors of 2100 + (6 + -6 - 0) + 7?
7, 43
Let q(y) = -85*y + 87. What are the prime factors of q(-6)?
3, 199
Let s(m) = m**3 - 6*m**2 - 4*m + 3. Let i be s(7). Suppose 5 = 2*l - l, -4*r + i = -4*l. What are the prime factors of r?
11
Suppose 31*l = 136794 - 49374. What are the prime factors of l?
2, 3, 5, 47
Suppose i - 3*c = 5*i - 665, 0 = 5*i + c - 834. List the prime factors of i.
167
Let b(i) = 7*i**2 + 3*i - 241. What are the prime factors of b(19)?
3, 11, 71
Suppose 0*m = -2*m. Suppose 3*o = -m*o. Suppose o = n - 6*n + 185. List the prime factors of n.
37
Suppose 1248*s = 1235*s + 30745. List the prime factors of s.
5, 11, 43
List the prime factors of 19*(0 - 1)*-41.
19, 41
Suppose -20*r = -19*r - 32. Suppose -5*u - 173 = -4*m, u - 93 = -3*m + r. What are the prime factors of m?
2, 3, 7
Suppose -90 = 3*d - 8*d. Let s = d - 20. What are the prime factors of (111/(-6))/(s/4)?
37
Suppose 8*c - 13984 = -15*c. List the prime factors of c.
2, 19
Suppose -3*d - f + 4*f = 0, -f + 10 = d. Suppose 0 = d*x + 5*o - 310, 3*o - 149 - 104 = -4*x. What are the prime factors of x?
67
Let d be 1/(-3*(-4)/(-12)). Let i be d - 1/(-3)*-3. List the prime factors of 3132/48 + i/8.
5, 13
What are the prime factors of (1062 - -12) + (-18)/(-2)?
3, 19
Let x = 17896 - 12533. List the prime factors of x.
31, 173
Let n(x) be the second derivative of x**3/3 - x**2/2 + 4*x. Let i be n(3). Suppose i*m = m + 28. What are the prime factors of m?
7
Suppose -2 = -2*q, -2*a + 0*q + 309 = -5*q. Let v = a - 49. Suppose -3*c = 4*d - 93 - 80, -d - v = -2*c. What are the prime factors of c?
5, 11
Let y(v) = -2*v**2 - 5*v - 9. Let p be y(-6). Let s = p - -133. What are the prime factors of s?
2, 41
Let f be (-306)/30 + (-2)/(-10). Let q = -6 - f. Suppose -46 = -q*z + 46. List the prime factors of z.
23
Let f = -74 - -186. List the prime factors of f.
2, 7
Suppose 4 = 17*f - 16*f. Suppose -275 = -5*g - m + 311, -f*g - m = -468. What are the prime factors of g?
2, 59
Let x = 28 + -26. Let w(b) = 61*b - 2. List the prime factors of w(x).
2, 3, 5
Suppose -5*c = -2*m - 494, 5*m + 14 = 29. List the prime factors of c.
2, 5
Suppose -2 - 36 = 2*p. Let o = 81 - p. What are the prime factors of o?
2, 5
Suppose 0 = n - 3. Suppose -5*y - n*o + 188 = o, -4*y + 166 = -2*o. Suppose -3*j + 29 = -2*c, -j + 5*c = -6*j + y. What are the prime factors of j?
3
Suppose -2*s - 60 + 12 = 0. Let l be (s/5)/6*20. What are the prime factors of (-436)/l + 2/(-8)?
3
Suppose 4*k + k - 1045 = -w, -3*w = -2*k + 401. List the prime factors of k.
2, 13
Let g be ((-4)/3)/(30/270). Suppose -4*n - 67 = 125. Let u = g - n. What are the prime factors of u?
2, 3
Suppose -3*w - 5 = 1. Suppose 68 = -5*m + m. What are the prime factors of m/(1 + 0 + w)?
17
Let m = -31 - -36. Suppose -6 - 4 = -m*c. What are the prime factors of c?
2
Let r(j) = -j**2 - 8*j - 4. Let f be (4 - 3)/((-1)/7). Let q be r(f). Suppose 4*y + n + 3*n - 24 = 0, -16 = -2*y - q*n. List the prime factors of y.
2
Let i be 79*(6 + -4 - 1). Suppose 0 = 4*k - 4*t - 1268, -i + 399 = k - 4*t. What are the prime factors of k?
2, 79
Suppose -42*y + 29318 = -13102. What are the prime factors of y?
2, 5, 101
Let m = -7 - -10. Suppose -3*y + m*q + 66 = 0, -q + 70 = 5*y + 4*q. Suppose -d - d + y = 0. What are the prime factors of d?
3
Suppose 0 - 2 = -p. Suppose d + 6 = p*h, 2 = 5*h - 5*d - 3. Suppose m + 2*m + 2*y = 139, 127 = 3*m + h*y. What are the prime factors of m?
7
What are the prime factors of 6/(-8) + 652/16 + 3?
43
Let l = 131 + 1132. List the prime factors of l.
3, 421
Suppose 3*s - 1944 = -3*r, -4*r + 0*s = 5*s - 2590. List the prime factors of r.
2, 5, 13
Let i = -361 + 363. Let h(d) = d**3 + 3*d**2 - 2*d - 4. Let b be h(-3). Suppose j = 3*k - 116, b*j = i*k - 33 - 51. What are the prime factors of k?
37
Let t = -213 + 298. Let y = -22 + t. What are the prime factors of y?
3, 7
Let p(s) = s**2 + 15*s + 332. What are the prime factors of p(-43)?
2, 3
Let f(d) = -3*d + 1. Let w be f(-1). Suppose n - w*o - 1 - 2 = 0, 2*o = -4*n - 6. Let b = n - -14. What are the prime factors of b?
13
Suppose -28*n + 20*n + 2440 = 0. List the prime factors of n.
5, 61
List the prime factors of ((-4419)/(-15) - 10/(-25))*1.
5, 59
Let x = 1390 + -1088. List the prime factors of x.
2, 151
Let k be (-9)/(-12) + (-73)/(-4). Let l be k/7 - (-6)/21. Suppose -l*b = -5 - 13. List the prime factors of b.
2, 3
Let a = 6160 + -1679. List the prime factors of a.
4481
Suppose -4*b = -4, 3*b - 120 = 4*i - 761. List the prime factors of i.
7, 23
What are the prime factors of (-109)/((-5)/80*4)?
2, 109
What are the prime factors of (3/(-9))/((-31)/302901)?
3257
Let o = 1161 - 781. List the prime factors of o.
2, 5, 19
Suppose 5*q = 10, -10*y = -11*y + 4*q + 1261. What are the prime factors of y?
3, 47
Let m = -24 + 27. Suppose -4 - 107 = -m*g. What are the prime factors of g?
37
Let f(h) = h**2 + 10*h - 30. Let c be f(-13). Suppose -4*q = -x + 2*x - 29, -q = 2*x - c. What are the prime factors of q?
7
Suppose -3*f - 2*z + z = -45, -3*f + z + 51 = 0. Let x be 4/14 - -2*244/56. Let d = x + f. What are the prime factors of d?
5
Let f be (7 - (-33)/(-6))*10/3. Suppose -f*j - 5*g + 610 = 0, j + 5*g - 46 = 96. List the prime factors of j.
3, 13
Suppose -2*k = -3*p + 5440, 5*k - 5301 - 1983 = -4*p. What are the prime factors of p?
2, 227
Suppose -5*p + 151 = 3*m - 627, 4*p = -5*m + 1275. What are the prime factors of m?
251
Let u = 22 + -3. Suppose 7*l = 2*g + 4*l - 13, u = 3*g - 5*l. What are the prime factors of g?
2
Suppose 0 = 5*r - r - 5*d + 42, -5*r = -2*d + 44. Let j(t) = t**2 - 9*t - 33. What are the prime factors of j(r)?
103
Let n(w) = -w**3 - 3*w**2 - 10. Let f be (-